 5*j + 12. Let u be v(-6). Calculate the greatest common factor of u and 36.
18
Let n = 67 - 13. Suppose -d = -4*d - i - 12, -4 = d - i. Let x be d/5*(42/(-12) - 4). Calculate the greatest common divisor of n and x.
6
Let g(o) = -15 - 7*o**2 + 15 - o**3 - 7*o. Let j be g(-6). What is the highest common divisor of j and 2?
2
Let y(x) = -2*x**2 - 33*x + 20. Let n be y(-14). Suppose 53 = 5*q - 37. What is the greatest common divisor of q and n?
18
Suppose 39 = 3*f + 3*b, -6*f + 44 = -2*f - 4*b. Suppose 0 = 5*o - 2*i - 658, -5*o + 663 = -0*o + 3*i. Calculate the highest common divisor of f and o.
12
Let t be 1*(2/2 + (-118)/(-1)). Suppose 2*b + 0 + 2 = 0, 4*w - 3*b = t. Calculate the greatest common divisor of w and 116.
29
Let j(x) = -2*x + 3*x + 6*x + 0*x + 8. Let i be j(4). Suppose -48 = -4*q - 12. What is the greatest common factor of q and i?
9
Let q be 264 - (0 + 0 + 2). Suppose 0 = -3*n + 83 + q. Let p be (-1*(-1)/3)/((-2)/(-276)). Calculate the highest common factor of n and p.
23
Let f = -2071 + 2111. What is the highest common divisor of 130 and f?
10
Suppose 4*t - 181 = -4*h - h, -25 = -5*h. Suppose -t*y + 34*y + 115 = 0. What is the highest common factor of y and 23?
23
Let g be -2 - ((-17)/(-68) + 226/(-8)). Calculate the greatest common divisor of g and 169.
13
Suppose 4*d = 58 - 18. Let i(f) = f + 9. Let v be i(-6). Let a be v/(-1) + 83 + 0. Calculate the greatest common factor of a and d.
10
Let x(g) = g**2 - 14*g + 4. Let w be (34/8)/((10/8)/5). Let n be x(w). Calculate the highest common factor of 5 and n.
5
Let f(c) = 4*c**2 - 3*c + 8. Let h be f(0). What is the highest common factor of h and 88?
8
Suppose 18 = -80*f + 81*f + 2*c, 41 = 2*f - c. Calculate the greatest common factor of f and 128.
4
Suppose -17*v - 794 = -22*v + 4*j, 2*v = -2*j + 332. What is the greatest common factor of v and 1377?
81
Suppose -144 = -3*c - c. Let v = 42 + c. What is the highest common divisor of v and 26?
26
Suppose -a + x = -1076, -15*x = -5*a - 14*x + 5396. Calculate the highest common divisor of a and 72.
72
Suppose 0 = y - 0*y - 11. Suppose -9*n - 90 = -11*n. Let v = 67 - n. Calculate the greatest common factor of v and y.
11
Let g = 25 - 15. Let z be (-3)/5 - (-24)/10*-1. Let t be (25/10)/(z/(-6)). What is the highest common divisor of g and t?
5
Let q = 10 + -4. Suppose 0*g + 94 = g. Suppose 0 = k - 4*m - m - 19, -2*m = -4*k + g. Calculate the highest common factor of k and q.
6
Let a(z) = 2*z**2 + 4*z + 7. Suppose 5*g - 3*n = -2*n + 16, 5*n = -5*g + 40. Let v be a(g). What is the highest common factor of v and 22?
11
Let b(q) = -2*q**2 - 14*q + 16. Let p be b(-6). Suppose 3*s + 4*i = 104, 0*s - 4*i - 92 = -4*s. Calculate the greatest common factor of p and s.
28
Let w = -625 + 641. What is the highest common factor of w and 1024?
16
Suppose 0 = -3*i - a - 158, 286 = -4*i - i + 4*a. Let w be (123/i + 4/(-18))*-6. Let g = -281 + 416. Calculate the highest common factor of w and g.
15
Let p(o) = -13*o + 153. Let l be p(11). Calculate the highest common factor of 230 and l.
10
Let t be 9/(214/(-88) - (-10)/4). Calculate the highest common factor of t and 24.
12
Suppose -526 = 5*c - 151. Let s = c + 83. What is the greatest common factor of 56 and s?
8
Let w(m) = m**3 - 11*m**2 + 14*m - 46. Let z be w(12). Calculate the highest common factor of z and 114.
38
Let r be 11/((-1 - -3)/2). Let a = r + -8. What is the greatest common divisor of a and 1?
1
Let l be (-400)/15*96/(-80). Let a be -80*(-1*2)/2. Calculate the greatest common divisor of l and a.
16
Suppose -5*c = -3*a + 22 + 23, -3*a + 21 = 3*c. Suppose 0*w + 2*w = 22. Suppose w = 3*o - a. Calculate the greatest common factor of 21 and o.
7
Suppose 0 = -9*c + 40 + 32. Calculate the greatest common divisor of 248 and c.
8
Let n = -68 - -124. Suppose 3*c = 6*c - 303. Suppose 99*h + 16 = c*h. What is the greatest common factor of n and h?
8
Let l(m) = 4*m**3 - 2*m**2 + 4*m - 2. Let s be l(2). Let g(r) = -3*r**2 + 181*r + 322. Let j be g(62). Calculate the highest common divisor of s and j.
6
Let t = 41 + 71. Let a(g) = -4*g + 2. Let n be a(-3). Suppose -z = -2*z + n. What is the highest common divisor of z and t?
14
Let m = -1 - -29. Let v = m - 24. Calculate the highest common factor of 44 and v.
4
Suppose 0 = w - 5*s - 42, -4*w - 18 + 282 = 4*s. Suppose 12*l = 4*a + 14*l - 626, 4*a - 632 = -4*l. What is the highest common factor of a and w?
31
Suppose -t + 3 = -0*t. Suppose 5*z - 3*h - 72 = 0, 3*h + 61 = 4*z + 4*h. What is the highest common divisor of z and t?
3
Let c = -26 + 44. Suppose -6*v = -v. Let n = 12 - v. Calculate the greatest common factor of c and n.
6
Suppose 26 + 1734 = 4*f. Suppose 2*n - 7*n + f = 4*c, 0 = -2*c - 10. What is the greatest common factor of n and 23?
23
Let t = 49 - 46. Suppose -t*z + 23 = 2*w, 18 = 4*z - 4*w - 26. Suppose 2*c - 166 = -40. What is the greatest common factor of z and c?
9
Suppose -3*c + 68 = 3*p - 8*p, 0 = 3*c + 12. Let k be (-30)/240 + (-130)/p. What is the highest common factor of k and 64?
8
Let h = 63 - -157. What is the highest common factor of 396 and h?
44
Let r be (1/1)/(12/252). What is the greatest common divisor of 224 and r?
7
Let t(r) = 2*r - 18. Let u be t(10). Suppose 4*c = c + 3*m + 15, -u*m - 17 = -3*c. Calculate the greatest common divisor of 1 and c.
1
Let m be 7 + (-2 + 1)*3. Let h(z) = z**3 - 2*z**2 + 2*z + 3. Let g be h(m). Suppose -4*o = g - 235. What is the greatest common factor of o and 32?
16
Let c = 10 + -7. Suppose -a = a + c*v - 24, -2*a - 2*v = -24. What is the greatest common divisor of a and 8?
4
Suppose 0 = 117*n - 123*n - 678. Let o = n + 215. What is the greatest common divisor of 153 and o?
51
Let c = 10 - -2. Let r(l) = 14*l**2 - 2*l - 5*l**2 - 11*l + 5*l - 12 + l**3. Let x be r(-9). Calculate the greatest common divisor of c and x.
12
Let w(i) = -i**3 + 6*i**2 + 4*i + 13. Let p be w(6). Let l = p - 29. What is the greatest common divisor of 72 and l?
8
Suppose 0 = 9*c - 7*c - 190. Calculate the highest common divisor of 133 and c.
19
Let s be 3 + (-1)/(3/75). Let p(q) = -4*q - 67. Let v be p(s). What is the highest common factor of 7 and v?
7
Let a(x) = 14*x**2 + 1. Let f be a(1). Let i be ((-6)/(-4))/((-81)/24 + 3). Let h be 119 - (4 + 28/i + 2). What is the highest common divisor of h and f?
15
Suppose 26*d - 4313 = 3149. What is the greatest common divisor of 82 and d?
41
Let t(p) = -6*p - 6. Let r be t(-5). What is the highest common divisor of r and 168?
24
Suppose 287*u - 735 = 284*u. Calculate the highest common divisor of u and 196.
49
Let j(i) = -2*i**3 - 23*i**2 + 17*i + 26. Let p be j(-13). What is the highest common divisor of 39 and p?
39
Let x = 19 + -9. Suppose -12*z + x*z = -36. What is the highest common factor of 18 and z?
18
Let h(k) = k**3 + k**2 - k + 12. Let q be h(0). Let u = 50 - 47. Let b be (u/(-2) - 0)*-12. What is the greatest common factor of b and q?
6
Let o be -2*(-78)/(-36)*39*-5. What is the greatest common factor of o and 5?
5
Let x = -430 - -584. Calculate the greatest common factor of x and 14.
14
Suppose 2*p - 10 = -3*p. Let y = p + 25. Let k = -1395 + 1413. What is the highest common divisor of k and y?
9
Let i be (-4)/(-14) + (-2230)/14. Let q = -73 - i. Suppose 0*w + q = 5*w - 4*j, -w - 5*j = 6. What is the greatest common divisor of 2 and w?
2
Let l be 138/(5 - 7/2). Suppose -5*o + 37 + 7 = c, 4*c - l = o. What is the greatest common divisor of c and 24?
24
Let w be ((-24)/10)/(3/(1155/(-14))). What is the highest common factor of 110 and w?
22
Let j(c) = 2*c - 13. Let r be 176/24 - (-3)/(-9). Let l be j(r). Let i be ((-4)/(-16))/(l/4). Calculate the highest common divisor of i and 11.
1
Suppose -2*d - 3 = 19. Let a = d - -2. Let c = a + 11. What is the highest common divisor of 8 and c?
2
Let b be (-128)/4*(-9)/(-12). Let f = -4 - b. Let n(h) = -h. Let r be n(-5). Calculate the highest common factor of f and r.
5
Let r = 23 - 26. Let n be (r/1 + (9 - 27))*-1. What is the greatest common factor of n and 21?
21
Suppose 377 - 221 = 13*w. Calculate the greatest common factor of 768 and w.
12
Suppose 0 = -108*n + 6347 - 1163. Calculate the highest common factor of 3 and n.
3
Let r(x) = 18*x + 298. Let w be r(-10). What is the highest common factor of w and 767?
59
Le